- 3526?
-3525
In base 12, what is -10 + 37?
27
In base 7, what is 0 + -6563?
-6563
In base 7, what is 4 + -6334?
-6330
In base 9, what is -3 + -1042?
-1045
In base 15, what is 8 - 31?
-28
In base 14, what is 0 - 26?
-26
In base 16, what is -3 - -32?
2f
In base 5, what is -1021 + -2?
-1023
In base 12, what is 3591 + 5?
3596
In base 14, what is -147 - -1c?
-129
In base 8, what is 226 - -3?
231
In base 4, what is -1232 + -23?
-1321
In base 15, what is -4 + -36?
-3a
In base 11, what is -4 - -2a?
26
In base 8, what is 123 - 31?
72
In base 8, what is 15 + 15?
32
In base 12, what is 205 + -4?
201
In base 15, what is 1 + -12c4?
-12c3
In base 8, what is -5 - -17?
12
In base 7, what is -5 + -60?
-65
In base 5, what is -1 + -14114?
-14120
In base 3, what is 21201211 + 0?
21201211
In base 15, what is -2 - 33?
-35
In base 13, what is 13 - 0?
13
In base 3, what is 102022 - -1112?
110211
In base 5, what is -2 - -3?
1
In base 14, what is 19 + 7?
22
In base 8, what is -226 - -2?
-224
In base 10, what is 4 - -1532?
1536
In base 16, what is 1 - -125?
126
In base 2, what is -101011100 - 0?
-101011100
In base 12, what is 1 + 151?
152
In base 8, what is 0 - -601?
601
In base 6, what is -2201 + 4?
-2153
In base 2, what is 11 - -10001010111?
10001011010
In base 10, what is -2687 - 4?
-2691
In base 3, what is -121121021 - 12?
-121121110
In base 3, what is 20 - 122120?
-122100
In base 12, what is 1b - -650?
66b
In base 11, what is -11 - 35?
-46
In base 14, what is 1610 + -5?
1609
In base 3, what is 20002200 + 11?
20002211
In base 8, what is -122 - 6?
-130
In base 13, what is -115 - -4?
-111
In base 2, what is 10001010110000 + 1?
10001010110001
In base 6, what is -2 + -20?
-22
In base 7, what is 1 + -260?
-256
In base 8, what is -20 - -3?
-15
In base 3, what is 2 - -22111?
22120
In base 16, what is 2c6 - -3?
2c9
In base 14, what is 0 + 87d?
87d
In base 3, what is 2 + 210102?
210111
In base 10, what is -3 - 1981?
-1984
In base 16, what is -5 - -1488?
1483
In base 5, what is -2433 + -3?
-2441
In base 12, what is 5 + -b3?
-aa
In base 7, what is -22022 + -1?
-22023
In base 4, what is 11 - 1323?
-1312
In base 7, what is -3 - 54?
-60
In base 16, what is -33d - -19?
-324
In base 2, what is 10 - -111011?
111101
In base 10, what is 6 - -56?
62
In base 5, what is -3 - 34112?
-34120
In base 7, what is 2 - 214?
-212
In base 12, what is -5 + 263?
25a
In base 5, what is -1241 + -1?
-1242
In base 7, what is 5 + -44?
-36
In base 5, what is 4 - 432?
-423
In base 5, what is 1223 + 213?
1441
In base 10, what is 627 + 3?
630
In base 11, what is -3 - 439?
-441
In base 8, what is -114456 + 3?
-114453
In base 6, what is -1 + 2555?
2554
In base 10, what is -21 - 0?
-21
In base 12, what is 0 + -119?
-119
In base 12, what is -93 - -30?
-63
In base 8, what is -5 + -637?
-644
In base 4, what is -102323033 + -10?
-102323103
In base 2, what is 100100001 - 1001010?
11010111
In base 12, what is 50 - 0?
50
In base 10, what is 147 - -12?
159
In base 9, what is 1 - -212?
213
In base 16, what is -f - -5?
-a
In base 13, what is 19 + 4?
20
In base 15, what is -5aa + 2?
-5a8
In base 14, what is 1b + 2?
1d
In base 16, what is 0 - -317?
317
In base 15, what is -5 - -21c7?
21c2
In base 6, what is -1 - -343?
342
In base 2, what is 110 + -100100?
-11110
In base 4, what is -3320210 + -2?
-3320212
In base 7, what is -11 + -1131?
-1142
In base 5, what is -11312 - -1?
-11311
In base 7, what is 0 - -213?
213
In base 8, what is 756 - 0?
756
In base 11, what is 5 - -106?
110
In base 4, what is -200 - 13?
-213
In base 15, what is -4 - cb?
-d0
In base 9, what is 5 + 68?
74
In base 6, what is 31 - -10?
41
In base 16, what is 2c - -2?
2e
In base 13, what is 2 + 76?
78
In base 6, what is 415 + 15?
434
In base 14, what is 46 + 4?
4a
In base 10, what is -891 + 3?
-888
In base 3, what is 12022 + -10?
12012
In base 6, what is 250 - 2?
244
In base 13, what is -7 - -4?
-3
In base 3, what is 11 + 20000?
20011
In base 12, what is -2 - 0?
-2
In base 14, what is -2 - -2c5?
2c3
In base 2, what is -11110011101000 + 101?
-11110011100011
In base 12, what is 1478 - 7?
1471
In base 4, what is -1 + 303?
302
In base 14, what is 26 + 3?
29
In base 4, what is -2 - -10133?
10131
In base 8, what is 0 - 13?
-13
In base 16, what is 7 + -2?
5
In base 14, what is 407 - -b?
414
In base 2, what is -1000 + -1110?
-10110
In base 10, what is -754 - -1?
-753
In base 15, what is 75 + -1?
74
In base 2, what is 110111 - -10101?
1001100
In base 10, what is 135 - 2?
133
In base 12, what is -15 - 115?
-12a
In base 5, what is -224101 + -10?
-224111
In base 6, what is -3 + -150?
-153
In base 13, what is -1c + 9?
-13
In base 16, what is 2 - 63?
-61
In base 16, what is 5 + fad?
fb2
In base 15, what is -23 - 30e?
-332
In base 4, what is -10111 + -11?
-10122
In base 5, what is 2 + -24?
-22
In base 2, what is 100 - -1010?
1110
In base 3, what is 1102100 + -1?
1102022
In base 15, what is 1c + -3?
19
In base 5, what is -1 - 111043?
-111044
In base 5, what is -3410 - 4?
-3414
In base 13, what is -8c4 + -1?
-8c5
In base 10, what is -719 - 14?
-733
In base 14, what is 3 - 912?
-90d
In base 16, what is -e3 + -3a?
-11d
In base 12, what is -18 - b1?
-109
In base 6, what is -2 + -430?
-432
In base 2, what is 11 - 110?
-11
In base 13, what is 4 - 67?
-63
In base 4, what is 100122 - 10?
100112
In base 4, what is 221103 + -1?
221102
In base 15, what is -1e4 - -5?
-1de
In base 2, what is 110 + -1100?
-110
In base 12, what is 6189 - -3?
6190
In base 16, what is 8b + 4?
8f
In base 8, what is 5 - -1114?
1121
In base 12, what is -4 - -4805?
4801
In base 12, what is 3 - -151?
154
In base 6, what is -2 - 3?
-5
In base 9, what is 276 - 13?
263
In base 4, what is 1221323 + -10?
1221313
In base 5, what is -3 - 230?
-233
In base 13, what is 12 - -6?
18
In base 12, what is 580 + -2?
57a
In base 5, what is -2 - 12?
-14
In base 3, what is -1200 + -112?
-2012
In base 16, what is -1dcb - -4?
-1dc7
In base 3, what is 100 - 1?
22
In base 3, what is -20 - -1210?
1120
In base 16, what is -263 - 1?
-264
In base 3, what is -11 + 1121?
1110
In base 15, what is -6 - 30?
-36
In base 6, what is 203 + 14?
221
In base 4, what is -1023 - 3?
-1032
In base 7, what is -42132 - 0?
-42132
In base 4, what is 31122 - -10?
31132
In base 14, what is -1 - 25d4?
-25d5
In base 12, what is -a + 10?
2
In base 4, what is -10302 + 21?
-10221
In base 10, what is -5 - 979?
-984
In base 12, what is 17 + -33?
-18
In base 6, what is 11 + -31?
-20
In base 7, what is -662 - -3?
-656
In base 4, what is -21 - 11?
-32
In base 12, what is 27 - -50?
77
In base 7, what is -144 + 25?
-116
In base 14, what is 5 + 2b?
32
In base 13, what is 3 + 112?
115
In base 7, what is -1 - -245?
244
In base 8, what is -1101 + 0?
-1101
In base 3, what is -1001 - -2?
-222
In base 11, what is 4 - 483?
-47a
In base 15, what is 0 + a6?
a6
In base 8, what is 31742 - -1?
31743
In base 13, what is -4 + -b?
-12
In base 13, what is -2 - 1a9?
-1ab
In base 13, what is -b7 - 97?
-181
In base 10, what is 85 - -4?
89
In base 14, what is -3 - -2a?
27
In base 16, what is -3c62 - -5?
-3c5d
In base 4, what is 113 - 3?
110
In base 2, what is -101 - -1001011?
1000110
In base 3, what is -11 - 1202?
-1220
In base 8, what is -123 + 24?
-77
In base 11, what is 0 + 284?
284
In base 3, what is -10020222 - -100?
-10020122
In base 12, what is -1b6 + 0?
-1b6
In base 12, what is -50 + -19?
-69
In base 12, what is -2 - -1b4?
1b2
In base 7, what is 11 - 1042?
-1031
In base 3, what is -2022 - 10?
-2102
In base 5, what is 1 - 10321?
-10320
In base 14, what is -481 - 2?
-483
In base 16, what is -16 - -6?
-10
In base 6, what is -15 + 13?
-2
In base 14, what is -a6 - -11?
-95
In base 8, what is 2 + 572?
574
In base 10, what is -4 - -606?
602
In base 3, what is 1 - -22210?
22211
In base 16, what is 8 - -22?
2a
In base 5, what is 301 - 10?
241
In base 11, what is 3 + -69?
-66
In base 12, what is b2 - -44?
136
In base 10, what is 8 - -501?
509
In base 10, what is 351 + -2?
349
In base 10, what is -4 - 17?
-21
In base 11, what is 1a42 - -1?
1a43
In base 5, what is 10231 + -3?
10223
In base 15, what is -2 - -e9?
e7
In base 10, what is -683 + -3?
-686
In base 8, what is 1 - 45?
-44
In base 6, what is -53 + -15?
-112
In base 8, what is -105 - -12?
-73
In base 16, what is -2 + -23?
-25
In base